w = 0, 2*b = -3*a + 17 + 10. What are the prime factors of b?
2, 3
Suppose 0*r + 48 = 4*r. Let b = r - 7. Let c = 12 - b. List the prime factors of c.
7
Suppose -t + 33 = -50. List the prime factors of t.
83
Let y(h) = -h. Let f be y(-2). Suppose -84 = -4*j - 2*a, -4 = -f*a + 4*a. What are the prime factors of j?
2, 11
Let x be 5*(-2 - (-1 - 2)). Let y(t) = t**2 - 3*t. What are the prime factors of y(x)?
2, 5
Suppose 0 = z + 3*z - 20. Suppose 4*c + z*a - 13 = 10, -c = -3*a + 7. Suppose -1 = -y - 4*i + 7, 9 = c*y + i. List the prime factors of y.
2
Let v = -14 - -23. Let n = 19 - v. What are the prime factors of ((-4)/n)/(3/(-45))?
2, 3
Let q = -9 + 11. Suppose -18 = -z + q*s, 15 = z - 3*s - 8. List the prime factors of z.
2
Suppose -x = 3*o - 2, -5*x - 2*o - 9 = 7. Let q = 17 - 16. What are the prime factors of x/(q/(-2) + 0)?
2
Let q(z) = 9*z**2 - 2*z - 1. Let m be (-1)/(-4) - (-10)/(-8). What are the prime factors of q(m)?
2, 5
Let v(n) be the first derivative of n**2/2 - 16*n - 2. Let h be v(8). List the prime factors of h/(-3)*6/2.
2
Suppose -j + 16 = 2*c + 4, -c - 5*j + 6 = 0. What are the prime factors of c?
2, 3
Let q(b) = -b**3 + 7*b**2 + b - 7. Let x be ((-7)/4)/((-1)/4). Let j be q(x). Suppose j = -3*z - 0*z + 27. List the prime factors of z.
3
Suppose -8*o + 3*o - 4*z + 7 = 0, -4*z = -12. Let l = -9 + 24. Let a = l + o. What are the prime factors of a?
2, 7
Suppose -8*l - 4 = -4*l. Let q be l/1 - -1*6. Suppose 2*g + q*u - 3 = -2, 3*u = -3. List the prime factors of g.
3
Let k be 45/20 + 2/(-8). Suppose 17 = k*w + 7. What are the prime factors of w?
5
Let r(q) = -6*q - 3. Let m(s) = -7*s - 4. Let v(x) = 5*m(x) - 6*r(x). List the prime factors of v(4).
2
Let i = 83 + -46. What are the prime factors of i?
37
Suppose 5*c = -6*y + 10*y + 660, -c = -y - 132. List the prime factors of c.
2, 3, 11
Let s = -21 + 27. Let z(t) = t**3 - 5*t**2 + t + 9. List the prime factors of z(s).
3, 17
Suppose a - 5 = 13. Suppose 0 = -0*i - 2*i + 4*z + 92, 0 = -i - z + 37. What are the prime factors of i/6*a/12?
2, 5
Suppose -6 = 2*f - 3*f. List the prime factors of f.
2, 3
Suppose l = 3 - 0. Let a(r) = r**2 + 2*r - 3. Let p be a(l). What are the prime factors of (2/(-3))/((-4)/p)?
2
Let b(w) = 7*w**2 + 13*w + 5. Let c(t) = -8*t**2 - 14*t - 5. Let l(s) = -7*b(s) - 6*c(s). Let g be ((-10)/(-4))/((-2)/4). List the prime factors of l(g).
5
Let s = 12 - 11. List the prime factors of ((-175)/(-20))/(s/4).
5, 7
Suppose -6*m = -2*m + 32. List the prime factors of 2/(-8) - 90/m.
11
Suppose x - 11 = -3*m, 2*x = 4*m + 20 + 22. Suppose 2*v - 3 + x = 0. Let t = 18 + v. What are the prime factors of t?
11
Let m = -2 + 4. Let o be (-3)/(-9) + 13/(-3). What are the prime factors of (-5)/(m + 10/o)?
2, 5
Suppose 0 = 2*h - 4 + 6. Suppose -4*u + 0*u + 16 = 0, -4*l - u + 16 = 0. List the prime factors of (112/(-21))/(h/l).
2
Let g(u) = 3*u**3 - u**2 - 2*u - 1. Suppose 8 = 4*x + 5*b - 0*b, -2*x + 4 = 5*b. List the prime factors of g(x).
3, 5
Let s = 11 + -43. Let t = s + 61. List the prime factors of t.
29
Let m(x) = 2*x**2 - 2. Suppose t + t = -4. Let r be m(t). Suppose -k = -r*k + 30. List the prime factors of k.
2, 3
Let p(r) be the second derivative of -9*r**5/20 + r**4/6 + r**3/3 + r**2/2 - 2*r. List the prime factors of p(-1).
2, 5
Let q(i) = -i + 4. Let b = 0 - 0. List the prime factors of q(b).
2
Let b be (0 + 0)/(-2 - -4). Let m be 0 - -3 - (b - -1). Suppose -i + 4*i = m*j + 61, 5*j + 79 = 4*i. List the prime factors of i.
3, 7
Let l be (-1 + -5)*4/12. What are the prime factors of (-2)/(l/1) - -6?
7
Let z(o) = -3*o - 1. Let j be z(-1). Suppose -4*h + 5*h + 4 = -j*t, 0 = 4*h - 4*t + 52. What are the prime factors of (8/h)/(2/(-10))?
2
Suppose 5*z + 241 + 88 = 4*s, 0 = s + z - 71. What are the prime factors of s?
2, 19
Suppose 2*z - 57 = 133. List the prime factors of z.
5, 19
What are the prime factors of (0 - -2)/((-7)/(-91))?
2, 13
Let r(l) = -l**3 - 11*l**2 + 4*l + 5. What are the prime factors of r(-12)?
101
Suppose -4*v + g = v - 1363, 3*v = g + 819. List the prime factors of v.
2, 17
Let d(o) = -o - 4. Let v be d(-8). Let p = v - -2. Suppose -2*s + 26 - p = 0. What are the prime factors of s?
2, 5
Suppose -4*q + 1 + 7 = 0. What are the prime factors of q?
2
Let p(j) = 4*j**3 + 2*j**2 + j. Let n be p(-1). What are the prime factors of 388/12 - (-4)/n?
31
List the prime factors of (-2)/14 + (-612)/(-21).
29
Let l(p) = -13*p + 3. Let y(c) = -7*c + 1. Let f(s) = 4*l(s) - 7*y(s). Let t be f(4). List the prime factors of 4/14 - 145/t.
3, 7
Suppose -2*s - 23 = -7. Let j(c) = 3*c. Let l be j(s). Let r = l - -35. What are the prime factors of r?
11
Suppose 0 = -3*o + 52 + 236. Suppose 0 = -5*d - 1 + o. What are the prime factors of d?
19
Let j = -25 + 12. Let w = j - -31. List the prime factors of w.
2, 3
Let a = -420 - -624. What are the prime factors of a?
2, 3, 17
Let f(t) = 2*t - 2. Let y be f(7). Suppose b - y = -3*c, -2*c - 12 = -b - 7*c. What are the prime factors of 18/(-2)*b/(-9)?
2, 3
Suppose 5*c + 84 = -d, 3*c + 60 = -4*d + d. Let i = c - -32. List the prime factors of i.
2
Suppose -d + 0*d + 27 = 0. What are the prime factors of d?
3
Let o(r) be the first derivative of -r**5/60 - r**4/3 + 11*r**3/6 + r**2/2 - 2. Let s(z) be the second derivative of o(z). What are the prime factors of s(-8)?
11
Let h = 196 + -49. List the prime factors of h.
3, 7
Suppose 2*v - 444 = -4*u - 0*v, u - 5*v = 100. List the prime factors of u.
2, 5, 11
Let a(l) = -l**2 + 21*l - 4. List the prime factors of a(10).
2, 53
Suppose 2*m + 3*l - 7 = 7, 0 = 5*m - 2*l + 3. Suppose -3*g = -h - 7, -6*h = g - 5*h - m. List the prime factors of g.
2
Suppose -3*g + 5*g - 4*n = -74, 3*g + 95 = -2*n. Let c = g + 18. List the prime factors of (-10)/c*21/2.
7
Let d be 28/(-21)*(-9)/(-2). What are the prime factors of ((-34)/(-6))/((-2)/d)?
17
Let s(c) = -12*c + 22. What are the prime factors of s(-7)?
2, 53
Suppose -5*n - 124 = -3*k, 0*n - 78 = -2*k + n. Suppose 82 = 4*x - k. What are the prime factors of x?
2, 3, 5
Let v(u) = 4*u**2 + 4*u + 7. Let h be v(-7). Suppose 0 = 3*s + 2*s - h. What are the prime factors of s?
5, 7
Suppose -2*o + 56 = -3*p, 0*o - 2*p - 28 = -o. Suppose 0 = -0*j + 2*j - o. Suppose f - j = -5. What are the prime factors of f?
3
What are the prime factors of (2 - -32) + -3 - 0?
31
Let c(s) = -2*s. Let o(g) = g**2 + 8*g - 10. Let l be o(-9). List the prime factors of c(l).
2
Let h(p) = p**3 - 6*p**2 + 4*p - 8. Suppose 3*r = 17 + 1. Let x be (-27)/(-6)*8/r. What are the prime factors of h(x)?
2
Let c(n) = 1. Let o(v) = 13*v - 5. Let h(b) = 4*c(b) + o(b). Suppose 5*i = -x - 0*i - 19, 5*x + 5*i = -15. List the prime factors of h(x).
2, 3
Suppose 228 = 5*k - 412. List the prime factors of k.
2
List the prime factors of (228 - -1) + -1 + (0 - 1).
227
Suppose -3*d + 13 = -2*m, -d + 2*m = -0*m - 3. Let o(j) = 8*j**2 + 3*j - 3. Let f be o(-3). Suppose -5*q + f = d. List the prime factors of q.
11
Let j(k) be the second derivative of -k**3/6 + 10*k**2 - k. Let o(s) = s**2 + 3*s - 7. Let f be o(-6). List the prime factors of j(f).
3
What are the prime factors of (1 - (-3)/1) + 230?
2, 3, 13
Let w(q) = 307*q**2 + 8*q - 1. List the prime factors of w(1).
2, 157
Suppose 3*u - 2*w - 208 = -0*w, 2*w - 268 = -4*u. List the prime factors of u.
2, 17
List the prime factors of 23 + (-3 - (-3 - 0)).
23
Suppose -25 = q - 6*q, 2*x + 5*q = 33. Suppose g + 2 = x*m - 1, 5*m - 4*g - 12 = 0. Suppose m*s = -s + 4. List the prime factors of s.
2
Suppose 0 = u - 0*u - 15. List the prime factors of u.
3, 5
Suppose 10*g = 6*g + 16. Let k(x) = x**2 + 3*x + 3. Let c be k(-2). What are the prime factors of g*c/2 + 15?
17
Suppose -22*s + 21*s - 315 = -2*k, 631 = 4*k - s. List the prime factors of k.
2, 79
Let k be (-4)/(-6) - (-4)/(-6). Suppose k = -8*q + 2*q + 312. List the prime factors of q.
2, 13
Suppose 337 = 5*i + 27. What are the prime factors of i?
2, 31
What are the prime factors of -2 + 30 - (0 + -1)?
29
Suppose 4*k + m - 79 = 0, 2*k + 0*m - 32 = -2*m. Let x = k - 9. Let f = 2 + x. List the prime factors of f.
2, 7
Let x be -1*(-2 + 0) + -1. Let c = x - 1. Suppose c = -9*s + 4*s + 60. List the prime factors of s.
2, 3
Let p(v) = -v**3 - 3*v**2 + 4*v + 3. Let x be p(-4). Let r be (-3)/6 + x/2. List t